1*(v/(-10) - -2). What is the highest common divisor of 44 and y?
4
Let q(y) = y**2 + 45*y - 295. Let z be q(-75). What is the greatest common factor of 68 and z?
17
Let p be (-24)/84 - (8616/(-42))/4. What is the highest common factor of 476 and p?
17
Let r be (30/35)/(2/14). Let s be (-114)/(-42) + r/21. Let x be 46 + s/(-6)*-4. What is the greatest common factor of x and 240?
48
Suppose v - 18 = 4*n, 0 = -v - n - 15 + 28. Suppose -v*u = 5*u - 10374. Calculate the greatest common factor of u and 42.
42
Let b be ((-516)/(-6) - 2)*(-660)/(-16). What is the highest common factor of b and 15?
15
Let k(r) = 42*r + 678. Let a be k(-14). Calculate the highest common divisor of a and 2130.
30
Suppose -3*z - 2*o = -634, 197*o - 196*o = 5*z - 1087. What is the highest common factor of 3000 and z?
24
Suppose -56*c = -48*c - 312. Let n be 776/((-56)/(-7)) - -7. Calculate the greatest common factor of n and c.
13
Let t = 29 - 28. Suppose t = y, 64 + 73 = 5*l - 3*y. What is the greatest common divisor of 35 and l?
7
Suppose 0 = -14*o - 4*o + 36. Let y be ((-16)/12)/(190/96 - o). What is the highest common factor of y and 128?
64
Let b = 3267 - 2913. What is the greatest common divisor of 4484 and b?
118
Let z be ((-368)/24)/((-38)/399). Calculate the highest common divisor of z and 56833.
161
Let y be 51 + (6 - (-3 - -6)). What is the greatest common factor of y and 576?
18
Let s = 899 + -756. What is the highest common factor of 117 and s?
13
Let p be 216 - 60 - -1*(0/(-1) + -2). Suppose -4*h + 103 = 3*b - 177, -5*b + 420 = -5*h. What is the greatest common factor of p and b?
22
Let u = 4050 + -3896. What is the greatest common divisor of u and 6160?
154
Suppose 15 = -18*u + 15*u, 4*p - 1039 = 3*u. Calculate the greatest common factor of 112 and p.
16
Suppose -13*n - 13*n = -182. Suppose -n*k = -6 - 302. Calculate the greatest common factor of k and 6.
2
Suppose -130*n + 1228916 = -137904. Calculate the highest common divisor of n and 56.
14
Suppose 4*g - m - 2 = -g, 4*m + 8 = 2*g. Let h = 14 - g. Suppose j = 5*i + 235, 4*j + 2*i - 199 = 631. Calculate the highest common factor of h and j.
14
Let m = 8 + -5. Let w be 19/m + 2/(-6). Let g be (-3)/18 + 20/(-24) + 7. Calculate the greatest common divisor of g and w.
6
Let n = 2246 - -4874. Calculate the greatest common divisor of n and 240.
80
Suppose 77*t + 224 = 81*t. Let a be (66/(-4))/((-21)/t). Calculate the greatest common divisor of a and 242.
22
Let l = -1758 + 3907. What is the greatest common factor of l and 14?
7
Suppose -6*v - 2674 + 8113 = 31*v. What is the greatest common factor of v and 4361?
49
Suppose 2*m = j - 21 - 17, 3*m - 86 = -4*j. Calculate the greatest common factor of 2925 and j.
13
Suppose -10*l + 161 = 101. Let d be 1/l - 19049/(-258). What is the greatest common factor of 37 and d?
37
Suppose -2 + 17 = 3*k, -3*f + 1190 = -2*k. Suppose -2*d - 2*d = -f. Suppose 0 = -2*v - 85 + 135. What is the greatest common divisor of v and d?
25
Suppose 4*k = -p + 143, 4*p - 53 = -3*k + 51. Let s(t) = -27*t + 1509. Let x be s(55). Calculate the greatest common factor of k and x.
12
Let w be (2/1 + 100)*5/10. Suppose 0*r = 4*d - 4*r + 16, -d = -3*r + 14. What is the highest common divisor of w and d?
1
Let f(l) be the first derivative of 5*l**2/2 - 54*l + 104. Let j be f(12). What is the highest common divisor of j and 348?
6
Let u be -3 - 7 - (-14 + 2 + -35). Let g = -458 + 1309. Calculate the highest common factor of g and u.
37
Let c = -326 + 310. Let j be 1 - 4 - (-8)/c*-46. Suppose -223 = -4*q - 23. Calculate the highest common factor of j and q.
10
Let h(k) = k**3 - 7*k**2 + 3*k + 35. Let y be h(5). Let c = 78 - y. Calculate the highest common factor of 429 and c.
39
Suppose 26995 = 215*h - 28155 - 4835. Calculate the highest common factor of 576 and h.
9
Suppose 216 = 2*g - 53*t + 55*t, 3*g - 3*t - 324 = 0. What is the greatest common divisor of 3600 and g?
36
Suppose -2618 = -12*j - 350. Let x = j - 172. What is the greatest common factor of 2 and x?
1
Suppose 56*w + 55 = 42*w + 195. Let n = -29 - -129. Calculate the greatest common divisor of w and n.
10
Let i be (-2)/((-1)/(-23)*-2). Suppose 0 = -t + 15 + i. Let x(h) = 4289*h - 4175. Let w be x(1). What is the highest common factor of t and w?
38
Let n(c) = c**2 - 7*c + 7. Let o be n(16). Let s(h) = -36*h + 67. Let w be s(-6). Let r = w - o. What is the highest common divisor of r and 12?
12
Let i = 8208 - -7232. What is the highest common divisor of i and 240?
80
Suppose 0 = -4*k - 83 + 231. Let p(b) = -2*b**3 - 14*b**2 - 39*b + 9. Let n be p(-9). Let t = n + -351. Calculate the greatest common factor of t and k.
37
Let y = 7479 + -7471. Calculate the greatest common divisor of y and 4696.
8
Suppose -2*d + 3*h = -2742, -11*d - 2*h = -15*d + 5500. What is the highest common factor of d and 51?
51
Suppose 5*x - 27*w + 23*w - 13353 = 0, 0 = 2*x + w - 5336. Calculate the greatest common divisor of 157 and x.
157
Suppose 34*n - 205 = 313 - 246. Calculate the greatest common factor of n and 4936.
8
Let u = -176 + 225. Suppose 5*d - 30*c = -29*c + u, -3*c + 13 = d. Calculate the highest common factor of d and 115.
5
Let b = -139 - -144. Suppose 5*a = z - 45, 3*z + 2*a = b*a + 99. What is the greatest common factor of 10 and z?
10
Suppose 0 = f - 5 - 3. Suppose -f*v + 624 - 72 = 0. What is the highest common divisor of v and 6?
3
Let f(w) = -w**3 + w - 6. Let h be f(0). Let r be 10/15*(-297)/h. Suppose n + r = 49. What is the highest common factor of n and 64?
16
Let t(q) = -3*q**2 + 90*q - 456. Let w be t(23). Calculate the greatest common factor of w and 36.
9
Let j(c) = 5*c**2 + 28*c - 1. Let r(p) = -p**2 - 2*p + 1. Let z(s) = -j(s) - 4*r(s). Let l be z(-11). What is the greatest common factor of 240 and l?
48
Let w(n) = -n**2 + 16*n - 19. Let i be w(15). Let f be (-3 - -375)/2 + i. Suppose 0 = -2*t + 102 - 50. Calculate the greatest common factor of f and t.
26
Let w be -6 - ((-17468)/26 + (13 - 342/26)). Calculate the greatest common factor of w and 54.
18
Let u = 4423 + -2843. Let n be (-1)/(((-16)/u)/4). Calculate the greatest common divisor of 79 and n.
79
Let c be 264 + -2 + -19 + 14. Let r = -237 + c. What is the greatest common factor of r and 310?
10
Suppose 45 - 223 = -28*n - 66. Calculate the highest common factor of n and 128.
4
Let b(s) = -2*s**3 - 14*s**2 - 6*s + 18. Let l be b(-9). Suppose 0 = 20*f - 14*f - l. Calculate the greatest common divisor of f and 44.
22
Let m = -118 - -118. Suppose 4*k = 5*d - 1858, -3*d + m*k + 1107 = -5*k. What is the greatest common factor of d and 102?
34
Let k = -92135 - -92160. Let n(g) = g**3 - 5*g**2 + 4*g + 7. Let v be n(5). Let l = 127 - v. What is the greatest common divisor of k and l?
25
Suppose -k = 21*k - 308. Let d be (-5)/(-2)*(k + 12). What is the highest common factor of 25 and d?
5
Suppose 5*g - 2*j - 3534 - 6687 = 0, g - 2033 = -j. What is the greatest common divisor of g and 91?
13
Suppose 2*p - 14391 = -25*p. Calculate the highest common divisor of 78 and p.
13
Suppose 4*j + 12296 = 9*j + f, -4*f = -5*j + 12341. Calculate the highest common divisor of j and 299.
23
Let l be ((-56)/(-6))/(13/117). Suppose -s = -3*s + z + 4, 5*z + 20 = 0. Suppose s = 2*y + y - 63. Calculate the greatest common factor of y and l.
21
Let q = 15 + -5. Let w = -12 - -5. Let k be (w/(147/28))/((-4)/6). What is the highest common divisor of k and q?
2
Let v = -23 + 3. Let k be 51 - v/(-12)*-3. Suppose -10*d - k = -14*d. Calculate the greatest common factor of d and 182.
14
Suppose 10*k + 59980 = 33*k + 19. Calculate the highest common factor of k and 66.
33
Let i = -651 - -786. Suppose 19*s - i = 16*s. Calculate the highest common divisor of s and 1125.
45
Let q = 7053 - 6997. What is the greatest common factor of 2032 and q?
8
Let y = 101 + -243. Let m = y + 222. Calculate the greatest common factor of 40 and m.
40
Suppose 583 = 5*q + f, 0 = -q - 3*f - 0*f + 111. Suppose -3*r = j - 33, 44 = 16*j - 13*j - 2*r. Calculate the greatest common divisor of q and j.
9
Let k = -59 + 63. Let u be ((k/6)/2)/(4/48). Let n be 4 - 2 - 4 - -14. What is the highest common divisor of n and u?
4
Let b(c) = -c**3 - 41*c**2 - 78*c + 27. Let w be b(-39). Suppose -7 = 2*z - 1, -2*o - z + 375 = 0. What is the greatest